vided by 17?
15
Suppose -3*b + 4*b = 17. What is the remainder when 82 is divided by b?
14
Suppose 10*f - 6*f + 2*x = 42, -3*f + 24 = -x. Suppose i - 5 = 10. What is the remainder when i is divided by f?
6
Let p(v) = 3*v - 2. Let x be p(5). Suppose -48 = 9*b - x*b. What is the remainder when b is divided by 7?
5
Let n be (-4)/14 + (-60)/(-14). Let q be (3 - (-12)/(-4))/(-4). What is the remainder when 51 is divided by 5*n - (q - -2)?
15
Let k(l) = -98*l + 29. What is the remainder when k(0) is divided by (0 - 1) + 1 - -8?
5
Suppose 0 = -6*x + 541 + 251. Let i = x + -111. What is the remainder when 59 is divided by i?
17
Suppose 2*j = -2*i, j + 0*j = 2*i - 12. Suppose -4*d = -3*y + 202 + 121, i*y - 2*d = 434. Calculate the remainder when y is divided by 28.
25
Let s = -9 + -2. Let o = -10 - s. Let a = o + 11. Calculate the remainder when a is divided by 5.
2
Suppose 347 = 6*o - 2371. What is the remainder when o is divided by 38?
35
Suppose b + 12 + 26 = -5*a, 3*b - a = -178. Let x = b + 64. Calculate the remainder when x is divided by 1.
0
Let s(b) = 2*b**2 + 4*b + 6. Calculate the remainder when 4/(12/21)*6 is divided by s(2).
20
Suppose -6*c + 482 - 314 = 0. Calculate the remainder when 108 is divided by c.
24
Let y(w) = w**2 - 3*w + 20. Calculate the remainder when y(-9) is divided by 4.
0
Let i be 6/(-21) + 46/14. Suppose 0 = i*m - 2*x + x - 52, 0 = m + 2*x - 8. Let y = 19 - -43. Calculate the remainder when y is divided by m.
14
Let t(u) = -3*u - 1. Suppose -4*y = -4 - 56. Let m = y + -20. Calculate the remainder when 39 is divided by t(m).
11
Suppose -116 = -5*z + 49. Suppose 8*c - 10*c = -44. Let g = z - c. What is the remainder when g is divided by 7?
4
Calculate the remainder when 108 is divided by ((-23)/(-8))/((-10)/(-80)).
16
Let f be (-1 + (4 - 10))*6/7. Let h = f + 29. Calculate the remainder when 101 is divided by h.
9
Let r(d) = d**3 + 15*d**2 - 37*d - 35. Calculate the remainder when 126 is divided by r(-17).
14
Let y(j) = 44*j**2 + 5*j + 9. What is the remainder when y(-2) is divided by 59?
57
Let x = -154 + 157. Suppose 2*l = -2*u + 10, -4*l - 5*u = -10 - 11. Suppose l*q - 2 = 2. What is the remainder when x is divided by q?
0
Suppose 0*k = -2*r - k + 120, 3*k - 6 = 0. Let f(m) = 6*m**2 + 8*m + 4. Suppose 8*b + 20 - 4 = 0. What is the remainder when r is divided by f(b)?
11
Let d(s) = s**2 + 54*s + 397. What is the remainder when d(-52) is divided by 75?
68
Suppose -14*b + 1179 + 305 = 0. What is the remainder when 308 is divided by b?
96
Let m(i) = 16*i**3 - 2*i**2 + 2*i - 1. Suppose -3*t - 15 = -3*y, 16*y + t + 20 = 20*y. What is the remainder when m(1) is divided by y?
0
Suppose -3*n = 3*m - 27, -3*m = -8*n + 3*n + 13. Calculate the remainder when 22 is divided by m.
2
Let f(g) = g**2 - 4*g - 1. Let m be f(5). Suppose 3*h - t = t + 389, m*h - 5*t - 528 = 0. Calculate the remainder when h is divided by 44.
39
Suppose -3*p = 12 + 18. Let d = p + 24. Calculate the remainder when 25 is divided by d.
11
Let n = -64 - -61. Let y(b) = 19*b**2 + 10. What is the remainder when y(n) is divided by 37?
33
Suppose 36 = -17*k + 21*k. What is the remainder when 32 is divided by k?
5
Suppose 0 = 3*z - 5*z - 2*g + 62, 2*g - 6 = 0. Suppose -5*b = -3*b - z. Let q(u) = 10*u - 27. What is the remainder when q(8) is divided by b?
11
Let h(i) = 2*i**3 - 6*i**2 + 4*i - 4. Suppose 0 = -2*p - 4*n + 16, 2*n - 1 = -3*p + 15. What is the remainder when h(p) is divided by 23?
21
Suppose -15 = -2*z - 2*p + 7, 4*z + 3*p = 42. Let h(w) = 3*w**2 - 11*w - 4. What is the remainder when h(5) is divided by z?
7
Let b(x) = x**2 + 3. Suppose 3*l - 6 = 3. What is the remainder when 21 is divided by b(l)?
9
Suppose -2*y = 3*y. Suppose y*x + 5*x - 55 = 0. Suppose -78*u + 80*u = -c + 70, c = -u + 38. Calculate the remainder when u is divided by x.
10
Suppose -l - l + 535 = -5*c, 0 = l - 4*c - 269. Calculate the remainder when l is divided by 69.
58
Let i = 213 + -199. Calculate the remainder when 39 is divided by i.
11
Let v = 234 + -55. Suppose k = 10*u - 15*u + 153, 0 = -2*u + 2*k + 54. Calculate the remainder when v is divided by u.
29
Let f(j) = -j**3 - 8*j**2 - 10*j - 7. What is the remainder when f(-7) is divided by 6?
2
Let y = 22 - 25. Let a be 14 - (2 - y/(-1)). What is the remainder when 34 is divided by 552/40 + (-12)/a?
8
Suppose -2*u - 172*d + 173*d = -14, u - 21 = 4*d. Let c(g) = g**2 - 4*g + 3. Calculate the remainder when c(6) is divided by u.
0
Suppose 9*t - 50 = 238. What is the remainder when 99 is divided by t?
3
Suppose -2*l - 3*r = -8*r + 9, 2*l - 15 = -3*r. Suppose u - 4 = -0*u, 3*i + l*u - 126 = 0. What is the remainder when i is divided by 10?
8
Let q = 1993 + -1943. Suppose -4*a + 26 + 18 = 0. What is the remainder when q is divided by a?
6
Let r(d) = d**3 - 13*d**2 + 4*d - 66. Calculate the remainder when r(14) is divided by 32.
26
Let a be (-1)/2 + 187/(-22). Calculate the remainder when (-70)/7*a/6 is divided by 8.
7
Suppose -8*g - 4*a + 164 = -4*g, 3*g = -a + 127. What is the remainder when g is divided by (-4)/6 - (-141)/9?
13
Suppose -2*w - 2*w = d - 1077, w - d = 273. Suppose 2*t + 68 = w. Calculate the remainder when t is divided by 35.
31
Calculate the remainder when (-26)/39 - 1675/(-15) is divided by 38.
35
Let f = -167 - -189. Calculate the remainder when 43 is divided by f.
21
Let y(v) = -43*v**3 - 2*v**2 - 6*v - 16. What is the remainder when y(-2) is divided by 67?
64
Let d be -13 - ((-1 - -3) + -5). Let b be 2766/15 + 4/d. Suppose -a - b = -5*a. Calculate the remainder when a is divided by 12.
10
Let s = -361 - -384. Calculate the remainder when 114 is divided by s.
22
Let s(m) = m - 1. Let i be s(4). Suppose 4*u + 5*q + 0 = i, -4*q - 2 = u. Let x = 51 + -47. Calculate the remainder when x is divided by u.
0
Let s(b) = -2*b**3 + 23*b**2 - 5*b - 48. Calculate the remainder when 358 is divided by s(11).
16
Let j = 48 + -43. Suppose j*c = -20, -m - c + 11 = -1. What is the remainder when m is divided by 11?
5
What is the remainder when 240 is divided by (22/3)/(-3*(-6)/27)?
9
Suppose j = 4*q - 5519, 5*q - 6910 = -0*q + 5*j. Calculate the remainder when q is divided by 12.
11
Let u = 40 + 0. Let b = 15 - 8. What is the remainder when u is divided by b?
5
Let d(m) = -21*m - 41. Let p(b) = 11*b + 21. Let l(w) = 3*d(w) + 7*p(w). Calculate the remainder when l(16) is divided by 25.
23
Suppose -207*s + 48 = -201*s. Calculate the remainder when 122 is divided by s.
2
Suppose 3*c + 305 = 746. Suppose 8*u - 899 = -c. What is the remainder when u is divided by 24?
22
Let p be 24/(-24) - 17*1. Let i = p + 43. Suppose 2*t + 6 = 24. Calculate the remainder when i is divided by t.
7
Suppose -5*p = -2*x - 0*x + 33, -4*p - 91 = -5*x. What is the remainder when 74 is divided by x?
17
Let b be (4/4)/((-25)/26 + 1). Let s = 8 + b. What is the remainder when 133 is divided by s?
31
Let y = -6 - -28. Suppose 10*z - 50 = -10. What is the remainder when z/(-18) - (-1140)/27 is divided by y?
20
Let p = 392 - 366. Calculate the remainder when 113 is divided by p.
9
Let a = 196 + -157. Let r = 14 - 7. What is the remainder when a is divided by r?
4
Let j = -2116 + 2143. Calculate the remainder when 58 is divided by j.
4
Let t(p) = 14*p - 41. Calculate the remainder when t(14) is divided by 52.
51
Suppose -20*x - 28*x = -1776. Calculate the remainder when 332 is divided by x.
36
Let n be -153 + (0 - 1) + -2. Let b be ((-6)/9)/(8/n). Suppose -3*z = b - 34. What is the remainder when 27 is divided by z?
6
Let q(x) = 3*x + 21. Let y be q(-7). Suppose y = -3*w + 60 + 18. Calculate the remainder when 76 is divided by w.
24
Suppose -3*c + 15 = 6*v - 3*v, 2*v + 4*c - 14 = 0. Let d(n) = -n + 7. Calculate the remainder when 33 is divided by d(v).
1
Let d be ((-1)/(-1))/(2/4). Suppose -d*g = -0*g - 146. Suppose 4*m - 5*a + 17 = 73, 2*m = 2*a + 30. Calculate the remainder when g is divided by m.
16
Suppose 0 = -3*u + 38 + 148. What is the remainder when 243 is divided by u?
57
Let j = -307 - -331. Calculate the remainder when 89 is divided by j.
17
Let y(n) = -4*n + 3. Let w be y(-4). Let d = w - 17. Suppose -d*t - l = -8, 5*l + 20 = 5*t + 3*l. What is the remainder when 11 is divided by t?
3
Let f = -1085 - -1271. Calculate the remainder when f is divided by